{"id":80,"date":"2022-05-28T13:52:03","date_gmt":"2022-05-28T11:52:03","guid":{"rendered":"https:\/\/www.pleyberfoot.fr\/?page_id=80"},"modified":"2022-09-01T09:59:27","modified_gmt":"2022-09-01T07:59:27","slug":"lecole-de-foot","status":"publish","type":"page","link":"https:\/\/www.pleyberfoot.fr\/index.php\/lecole-de-foot\/","title":{"rendered":"L&rsquo;\u00e9cole de Foot"},"content":{"rendered":"\n<figure class=\"wp-block-image size-full is-resized is-style-default\"><img loading=\"lazy\" decoding=\"async\" src=\"https:\/\/www.pleyberfoot.fr\/wp-content\/uploads\/2022\/06\/WhatsApp-Image-2022-05-31-at-14.33.39.jpeg\" alt=\"\" class=\"wp-image-222\" width=\"327\" height=\"217\" srcset=\"https:\/\/www.pleyberfoot.fr\/wp-content\/uploads\/2022\/06\/WhatsApp-Image-2022-05-31-at-14.33.39.jpeg 1024w, https:\/\/www.pleyberfoot.fr\/wp-content\/uploads\/2022\/06\/WhatsApp-Image-2022-05-31-at-14.33.39-300x200.jpeg 300w, https:\/\/www.pleyberfoot.fr\/wp-content\/uploads\/2022\/06\/WhatsApp-Image-2022-05-31-at-14.33.39-768x512.jpeg 768w, https:\/\/www.pleyberfoot.fr\/wp-content\/uploads\/2022\/06\/WhatsApp-Image-2022-05-31-at-14.33.39-700x465.jpeg 700w\" sizes=\"auto, (max-width: 327px) 100vw, 327px\" \/><\/figure>\n\n\n\n<p><strong>Responsable de l&rsquo; \u00e9cole de foot<\/strong>:<\/p>\n\n\n\n<p>Mathieu Paugam (06.63.51.40.67)<\/p>\n\n\n\n<p><strong>Apprendre, D\u00e9couvrir, se Perfectionner \u00e0 la pratique du Football au sein de notre \u00e9cole de Foot<\/strong><\/p>\n\n\n\n<p>D\u00e8s l\u2019\u00e2ge de 5 ans, les enfants d\u00e9couvrent et se familiarisent avec le ballon rond. En grandissant, les premiers match amicaux arrivent et les enfants apprennent \u00e0 se positionner sur un terrain de football.<\/p>\n\n\n\n<p><strong>Les horaires des entrainements pour la saison 2022-2023:<\/strong><\/p>\n\n\n\n<figure class=\"wp-block-image size-full is-resized\"><img loading=\"lazy\" decoding=\"async\" src=\"https:\/\/www.pleyberfoot.fr\/wp-content\/uploads\/2022\/09\/Capture-de\u0301cran-2022-09-01-a\u0300-09.59.02.png\" alt=\"\" class=\"wp-image-403\" width=\"372\" height=\"361\" srcset=\"https:\/\/www.pleyberfoot.fr\/wp-content\/uploads\/2022\/09\/Capture-de\u0301cran-2022-09-01-a\u0300-09.59.02.png 718w, https:\/\/www.pleyberfoot.fr\/wp-content\/uploads\/2022\/09\/Capture-de\u0301cran-2022-09-01-a\u0300-09.59.02-300x291.png 300w\" sizes=\"auto, (max-width: 372px) 100vw, 372px\" \/><\/figure>\n","protected":false},"excerpt":{"rendered":"<p>Responsable de l&rsquo; \u00e9cole de foot: Mathieu Paugam (06.63.51.40.67) Apprendre, D\u00e9couvrir, se Perfectionner \u00e0 la pratique du Football au sein de notre \u00e9cole de Foot &hellip; <\/p>\n","protected":false},"author":1,"featured_media":0,"parent":0,"menu_order":4,"comment_status":"closed","ping_status":"closed","template":"","meta":{"footnotes":""},"class_list":["post-80","page","type-page","status-publish","hentry"],"_links":{"self":[{"href":"https:\/\/www.pleyberfoot.fr\/index.php\/wp-json\/wp\/v2\/pages\/80","targetHints":{"allow":["GET"]}}],"collection":[{"href":"https:\/\/www.pleyberfoot.fr\/index.php\/wp-json\/wp\/v2\/pages"}],"about":[{"href":"https:\/\/www.pleyberfoot.fr\/index.php\/wp-json\/wp\/v2\/types\/page"}],"author":[{"embeddable":true,"href":"https:\/\/www.pleyberfoot.fr\/index.php\/wp-json\/wp\/v2\/users\/1"}],"replies":[{"embeddable":true,"href":"https:\/\/www.pleyberfoot.fr\/index.php\/wp-json\/wp\/v2\/comments?post=80"}],"version-history":[{"count":4,"href":"https:\/\/www.pleyberfoot.fr\/index.php\/wp-json\/wp\/v2\/pages\/80\/revisions"}],"predecessor-version":[{"id":404,"href":"https:\/\/www.pleyberfoot.fr\/index.php\/wp-json\/wp\/v2\/pages\/80\/revisions\/404"}],"wp:attachment":[{"href":"https:\/\/www.pleyberfoot.fr\/index.php\/wp-json\/wp\/v2\/media?parent=80"}],"curies":[{"name":"wp","href":"https:\/\/api.w.org\/{rel}","templated":true}]}}